{"id":711,"date":"2024-11-11T22:00:17","date_gmt":"2024-11-11T21:00:17","guid":{"rendered":"https:\/\/site.bulletindepsychologie.net\/?post_type=product&#038;p=711"},"modified":"2025-11-14T08:41:05","modified_gmt":"2025-11-14T07:41:05","slug":"anciens-numeros-2011-a-2014","status":"publish","type":"product","link":"https:\/\/site.bulletindepsychologie.net\/index.php\/produit\/anciens-numeros-2011-a-2014\/","title":{"rendered":"Anciens num\u00e9ros (2011 \u00e0 2014)"},"content":{"rendered":"<p><strong>Anciens num\u00e9ros, version papier<\/strong> (exp\u00e9dition gratuite)<br \/>\nLes sommaires et les r\u00e9sum\u00e9s des articles de ces num\u00e9ros sont consultables sur <a href=\"https:\/\/shs.cairn.info\/revue-bulletin-de-psychologie?lang=fr\">CAIRN<\/a> et <a href=\"https:\/\/shs.cairn.info\/journal-bulletin-de-psychologie?lang=en\">CAIRN international<\/a>.<\/p>\n<p>&nbsp;<\/p>\n<hr \/>\n<p><strong>Anciens num\u00e9ros, version num\u00e9rique<\/strong><br \/>\n\u2022 Avant 2005 nos num\u00e9ros sont int\u00e9gralement et gratuitement, disponibles sur <a href=\"https:\/\/www.persee.fr\/collection\/bupsy\">Pers\u00e9e<\/a>.<br \/>\n\u2022 De 2005 \u00e0 2020 nos num\u00e9ros sont int\u00e9gralement et gratuitement, disponibles sur <a href=\"https:\/\/shs.cairn.info\/revue-bulletin-de-psychologie?lang=fr\">CAIRN<\/a>.<\/p>\n","protected":false},"excerpt":{"rendered":"<p><strong>Anciens num\u00e9ros, version papier<\/strong> (exp\u00e9dition gratuite)<\/p>\n","protected":false},"featured_media":232,"template":"","meta":[],"product_brand":[],"product_cat":[21],"product_tag":[],"class_list":{"0":"post-711","1":"product","2":"type-product","3":"status-publish","4":"has-post-thumbnail","6":"product_cat-numeros","8":"first","9":"instock","10":"taxable","11":"shipping-taxable","12":"purchasable","13":"product-type-variable","14":"has-default-attributes"},"_links":{"self":[{"href":"https:\/\/site.bulletindepsychologie.net\/index.php\/wp-json\/wp\/v2\/product\/711","targetHints":{"allow":["GET"]}}],"collection":[{"href":"https:\/\/site.bulletindepsychologie.net\/index.php\/wp-json\/wp\/v2\/product"}],"about":[{"href":"https:\/\/site.bulletindepsychologie.net\/index.php\/wp-json\/wp\/v2\/types\/product"}],"wp:featuredmedia":[{"embeddable":true,"href":"https:\/\/site.bulletindepsychologie.net\/index.php\/wp-json\/wp\/v2\/media\/232"}],"wp:attachment":[{"href":"https:\/\/site.bulletindepsychologie.net\/index.php\/wp-json\/wp\/v2\/media?parent=711"}],"wp:term":[{"taxonomy":"product_brand","embeddable":true,"href":"https:\/\/site.bulletindepsychologie.net\/index.php\/wp-json\/wp\/v2\/product_brand?post=711"},{"taxonomy":"product_cat","embeddable":true,"href":"https:\/\/site.bulletindepsychologie.net\/index.php\/wp-json\/wp\/v2\/product_cat?post=711"},{"taxonomy":"product_tag","embeddable":true,"href":"https:\/\/site.bulletindepsychologie.net\/index.php\/wp-json\/wp\/v2\/product_tag?post=711"}],"curies":[{"name":"wp","href":"https:\/\/api.w.org\/{rel}","templated":true}]}}